
918
Calculate the remainder when 107956 is divided by 55.
46
Calculate the remainder when 12882 is divided by 149.
68
Calculate the remainder when 1740 is divided by 166.
80
What is the remainder when 6147 is divided by 12?
3
What is the remainder when 3690 is divided by 413?
386
What is the remainder when 22971 is divided by 5736?
27
Calculate the remainder when 2027 is divided by 720.
587
Calculate the remainder when 894 is divided by 576.
318
What is the remainder when 1523 is divided by 98?
53
Calculate the remainder when 1547 is divided by 260.
247
What is the remainder when 11304 is divided by 35?
34
What is the remainder when 14612 is divided by 340?
332
What is the remainder when 9615 is divided by 4793?
29
What is the remainder when 40498 is divided by 7?
3
Calculate the remainder when 80835 is divided by 11531.
118
Calculate the remainder when 3983 is divided by 26.
5
Calculate the remainder when 2884 is divided by 456.
148
Calculate the remainder when 454175 is divided by 144.
143
Calculate the remainder when 25840 is divided by 196.
164
Calculate the remainder when 136609 is divided by 68301.
7
Calculate the remainder when 50481 is divided by 14.
11
Calculate the remainder when 89535 is divided by 89487.
48
What is the remainder when 3810728 is divided by 505?
503
Calculate the remainder when 14576 is divided by 74.
72
What is the remainder when 121418 is divided by 117?
89
Calculate the remainder when 81807 is divided by 13633.
9
Calculate the remainder when 2862204 is divided by 17.
16
What is the remainder when 24908 is divided by 69?
68
Calculate the remainder when 78188 is divided by 39072.
44
Calculate the remainder when 309 is divided by 15.
9
Calculate the remainder when 25381 is divided by 7.
6
What is the remainder when 1109 is divided by 660?
449
Calculate the remainder when 49640 is divided by 131.
122
Calculate the remainder when 5188 is divided by 306.
292
Calculate the remainder when 380913 is divided by 107.
100
Calculate the remainder when 94 is divided by 39.
16
What is the remainder when 1436 is divided by 24?
20
What is the remainder when 9258 is divided by 3086?
0
Calculate the remainder when 5489 is divided by 1816.
41
Calculate the remainder when 276292 is divided by 138146.
0
What is the remainder when 23143 is divided by 11?
10
Calculate the remainder when 17092 is divided by 67.
7
What is the remainder when 6984 is divided by 140?
124
What is the remainder when 2907 is divided by 250?
157
Calculate the remainder when 2456 is divided by 16.
8
Calculate the remainder when 1696 is divided by 182.
58
What is the remainder when 758 is divided by 655?
103
What is the remainder when 4505 is divided by 237?
2
What is the remainder when 22495 is divided by 28?
11
Calculate the remainder when 6060 is divided by 677.
644
Calculate the remainder when 542 is divided by 35.
17
What is the remainder when 2326 is divided by 744?
94
What is the remainder when 2853 is divided by 27?
18
Calculate the remainder when 2116 is divided by 2008.
108
What is the remainder when 3011 is divided by 200?
11
What is the remainder when 4158 is divided by 65?
63
Calculate the remainder when 34073 is divided by 45.
8
Calculate the remainder when 2496 is divided by 813.
57
Calculate the remainder when 7279 is divided by 1036.
27
Calculate the remainder when 128798 is divided by 115.
113
What is the remainder when 130206 is divided by 101?
17
Calculate the remainder when 1105 is divided by 45.
25
Calculate the remainder when 89069 is divided by 56.
29
What is the remainder when 59735 is divided by 62?
29
What is the remainder when 120642 is divided by 21?
18
What is the remainder when 1250 is divided by 253?
238
Calculate the remainder when 15109 is divided by 15.
4
Calculate the remainder when 52998 is divided by 17632.
102
What is the remainder when 628497 is divided by 65?
12
Calculate the remainder when 919578 is divided by 741.
738
Calculate the remainder when 246 is divided by 102.
42
Calculate the remainder when 326875 is divided by 50.
25
Calculate the remainder when 51944 is divided by 1625.
1569
Calculate the remainder when 7011 is divided by 197.
116
Calculate the remainder when 2783 is divided by 398.
395
Calculate the remainder when 123115 is divided by 1001.
993
What is the remainder when 4698 is divided by 472?
450
Calculate the remainder when 9765 is divided by 613.
570
Calculate the remainder when 5422 is divided by 24.
22
Calculate the remainder when 425 is divided by 7.
5
What is the remainder when 7076 is divided by 173?
156
What is the remainder when 104430 is divided by 22?
18
What is the remainder when 6908 is divided by 734?
302
What is the remainder when 5176 is divided by 7?
3
Calculate the remainder when 16603 is divided by 361.
358
Calculate the remainder when 10962 is divided by 793.
653
Calculate the remainder when 246837 is divided by 220.
217
What is the remainder when 153633 is divided by 2293?
2
What is the remainder when 8880 is divided by 2112?
432
What is the remainder when 39246 is divided by 49?
46
What is the remainder when 78902 is divided by 28?
26
What is the remainder when 99118 is divided by 11?
8
Calculate the remainder when 182980 is divided by 316.
16
What is the remainder when 118919 is divided by 24?
23
Calculate the remainder when 14572 is divided by 342.
208
What is the remainder when 939 is divided by 528?
411
What is the remainder when 56244 is divided by 586?
574
Calculate the remainder when 54360 is divided by 4.
0
What is the remainder when 5555 is divided by 5370?
185
Calculate the remainder when 27937 is divided by 6966.
73
What is the remainder when 14287 is divided by 14279?
8
Calculate the remainder when 1543 is divided by 133.
80
What is the remainder when 52003 is divided by 321?
1
Calculate the remainder when 4783721 is divided by 419.
417
Calculate the remainder when 9286 is divided by 1854.
16
What is the remainder when 2315 is divided by 2290?
25
What is the remainder when 505049 is divided by 37?
36
What is the remainder when 320033 is divided by 286?
285
Calculate the remainder when 965 is divided by 899.
66
What is the remainder when 11672 is divided by 221?
180
What is the remainder when 79921 is divided by 52?
49
Calculate the remainder when 106306 is divided by 95.
1
What is the remainder when 8297 is divided by 5?
2
What is the remainder when 180640 is divided by 45134?
104
What is the remainder when 1261810 is divided by 68?
2
Calculate the remainder when 4614 is divided by 63.
15
Calculate the remainder when 249401 is divided by 2900.
1
What is the remainder when 65132 is divided by 2101?
1
What is the remainder when 280668 is divided by 93?
87
Calculate the remainder when 34957 is divided by 16.
13
What is the remainder when 509 is divided by 251?
7
Calculate the remainder when 4613129 is divided by 264.
257
Calculate the remainder when 65183 is divided by 103.
87
What is the remainder when 455370 is divided by 2502?
6
Calculate the remainder when 1384631 is divided by 733.
727
Calculate the remainder when 18380 is divided by 14.
12
Calculate the remainder when 4197 is divided by 419.
7
What is the remainder when 6368 is divided by 1257?
83
Calculate the remainder when 11572 is divided by 5739.
94
Calculate the remainder when 106776 is divided by 2966.
0
What is the remainder when 2656 is divided by 205?
196
What is the remainder when 6737 is divided by 72?
41
What is the remainder when 1017 is divided by 984?
33
What is the remainder when 14062 is divided by 4682?
16
Calculate the remainder when 12224 is divided by 94.
4
What is the remainder when 95367 is divided by 22?
19
Calculate the remainder when 16677 is divided by 8338.
1
Calculate the remainder when 291679 is divided by 11665.
54
What is the remainder when 45206 is divided by 983?
971
Calculate the remainder when 3642 is divided by 202.
6
What is the remainder when 4562 is divided by 105?
47
Calculate the remainder when 720621 is divided by 471.
462
Calculate the remainder when 214130 is divided by 568.
562
Calculate the remainder when 23394 is divided by 117.
111
Calculate the remainder when 12444 is divided by 2485.
19
Calculate the remainder when 9315 is divided by 3075.
90
What is the remainder 